2 + -59 - 0)
43
What is the value of 23 - (-50 - -28 - -77)?
-32
3 + -13 + (-2 + -25 - (-2 + -30 + 40))
-45
What is 9 + (-18 - ((-22 - -4) + (1 - -30)))?
-22
(-4 - 17 - -4) + -17 + (-7 - -34) + 65
58
What is (1910 - 1931) + (2 - -17)?
-2
(0 - -4) + (-11 - ((-52 - 4) + 22))
27
Calculate (-16 - -28) + (17 - 20) + -17 + -3.
-11
What is the value of ((15 - 8) + 3 - 55) + -42 + 34?
-53
What is -33 + 21 + 18 + (2 - 58) + -4 + -4?
-58
What is -28 + -8 + 48 + -8 + (-90 - 2)?
-88
What is -3 - 38 - (556 + -562)?
-35
(-39 - (86 - 96)) + 39
10
-6 - (24 - (19 + -26 - -24))
-13
Evaluate -150 + (91 - (28 + (-34 - -54))).
-107
What is -15 - (22 + -111) - -13?
87
What is (32 - (-56 + 80)) + -53?
-45
-48 + (3 - (-3 + -3 + -2 - -10))
-47
Evaluate -3 - -36 - (25 + (-4 - 20) + -3).
35
12 + (-27 + 34 - 5)
14
What is the value of (-2 - (0 + -11 - (178 + -192))) + (36 - -4)?
35
2 - (-147 - -150 - (-2 + (2 - (1 - 1))))
-1
16 + (-24 - -10 - -12) + 1 + -1
14
Evaluate -34 + 104 + 9 + -49.
30
What is the value of -25 - -48 - (269 - 209)?
-37
(25 - (15 - (13 + -28))) + -30
-35
What is (1 + 2 + -4 - (-7 + -10)) + (-21 - -12)?
7
-19 + -66 + 99 - -33
47
Evaluate (6 - 8) + (-4 - 2 - (-19 + -17)).
28
What is the value of -14 + (88 - (8 + -5)) + 42 + -38?
75
Calculate 3 + -316 + 259 - (1 + -6).
-49
Evaluate -7 + 48 + (-54 - -19).
6
(-34 - -13 - -55) + (-9 - 0)
25
What is the value of -2 + 17 + -12 + 59 + -5 + (-3 - 3)?
51
Evaluate -54 - -72 - (13 - -31).
-26
What is the value of 2 + 3 + -11 + (-1 - -4) + 0 + -41?
-44
Calculate (8 - 4 - 2) + -11 + (83 + -228 - -96).
-58
What is (4 - (-4 + 19 + -3)) + -77 + 80 + 3?
-2
What is the value of -1 + (17 - -55) + (-1 - -3 - 9)?
64
What is (-13 - -25) + (-13 - -16) + -1 - (-6 - 43)?
63
Calculate (18 - -26) + -53 + 0 + -22.
-31
What is -78 + (-40 - (-8 + -75)) - (-16 - (-2 - -2))?
-19
What is the value of 6 - (-1 - -3) - (18 + 6 + (41 - 18))?
-43
What is the value of (-12 - 2) + (-109 - (104 - 240))?
13
What is the value of 0 - (25 + -4) - ((-3 - 3) + (39 - 25))?
-29
What is 108 + -15 + (-20 - 22)?
51
What is the value of -41 + -33 + (12 - -34) - 25?
-53
Evaluate -56 + -40 + 9 + 42 + 27.
-18
Evaluate (8 - (-6 + 2) - (-142 - -55)) + -13.
86
What is 0 + 0 - 28 - (33 + -8 - (-16 - -42))?
-27
Evaluate -22 + 13 + -22 + -5 + 18.
-18
(-12 + 6 - -67 - -7) + 36 + -41
63
54 + (873 - 864) + -11 + -1
51
What is the value of (57 - 56) + -25 + (11 - 1)?
-14
What is -5 + 0 - (19 + -9 + -5) - -21?
11
Calculate 84 + (-71 - -43 - 16) + -12.
28
Evaluate -11 + (109 - 77) - (-1 + 11).
11
-26 + (-21 + 15 + 74 - 22)
20
Calculate 57 + -44 + 47 + -56.
4
Evaluate (-9 - (-2 + 5)) + -2 + (66 - 38).
14
Calculate 91 + (6 - 6) + (8 - -28 - 33).
94
Calculate -54 - ((-10 - -26 - 11) + 2 + -2).
-59
Calculate (8 - 2) + (-30 - -38).
14
What is 12 - -20 - (-11 + (-10 - -5))?
48
What is the value of 3566 + -3563 - (-3 + -122)?
128
What is -4 + -1 + (-8 - -1) + (97 - 142 - -44)?
-13
23 + 17 + -38 - -11 - -7
20
-149 + 145 - (5 - (3 + 1 - -17))
12
What is the value of (2 - 16 - (-1 + -3)) + (79 - -32) + 13?
114
What is (4 - 1) + (-7 + -53 + 32 - -16)?
-9
What is the value of (-22 + (39 - (16 + 5)) - 5) + (-7 - 1)?
-17
Calculate 34 + -16 - (1 + 3 + 10 + -10).
14
Calculate 19 + (-49 - -3 - (163 + -151)).
-39
(1 - 34) + -9 + -19 + (19 - -11)
-31
-2 - (-47 - -3) - (16 - (39 + -14))
51
Calculate -3 + 6 + -1 + -3 - (52 + -44 - -29).
-38
What is the value of -55 + 51 + (-40 - -118)?
74
What is the value of -10 + 55 + -87 + (-1 - -5)?
-38
Calculate ((17 - -11) + -10 - (-63 - -92)) + 38.
27
Evaluate (-6 + 21 - -56) + (-31 - -35).
75
Calculate (-6 - (6 + 0)) + -71 + 42 + -7.
-48
What is the value of (-19 + 23 - (6 + 2 + 10)) + (25 - 4)?
7
What is the value of 2 - (11 + (-41 - -6) + 9 - 3)?
20
What is ((24 - 82) + 1 - -37) + 134?
114
Calculate 120 - ((437 - 417) + (2 - -2 - 16)).
112
Calculate 41 + -40 - -40 - 86.
-45
Calculate -8 + (-6 - (0 - -4)) + (14 + -13 - 7).
-24
Evaluate (18 + 4 - 23) + -5 - 0.
-6
Calculate (1 + 0 - -14) + (-1785 - -1786).
16
-52 + -11 + 36 + (-3 - -69)
39
What is the value of 4579 + -4626 + (2 - (-2 - 3) - (-1 - -1))?
-40
What is -68 + (-127 + 143 + (-1 - 28) - -9 - 12)?
-84
(16 - 25 - (-1 - 3)) + 8 + -6
-3
Evaluate 9 + (35 - 38) + (6 + -9 - (2 + -1)).
2
What is (-21 - (-4 + 8)) + (-3 - (7 + -6))?
-29
18 - (-12 + (12 - 22) + 26 + -14)
28
Calculate (-10 - ((17 - 13 - 16) + 12)) + 2.
-8
What is the value of -28 - ((-38 - -83 - 30) + -118)?
75
-1067 + 1018 - (-9 + 2 - -1)
-43
Calculate -3 + 9 + -53 - (-571 + 528).
-4
What is 75 + -87 - (4 + 31) - (0 - 1)?
-46
What is the value of -10 - 15 - (-14 + (-4 - (-15 - -6)))?
-16
(-9 - (-3 + 6) - -8) + (-2 - -10)
4
Calculate 12 - (-7 + 10 - 16) - (25 - 27).
27
Evaluate -4 + (-1 - -2) - -63 - ((-31 - -13) + 15).
63
Evaluate 16 + (-102 - -30 - -42).
-14
Evaluate 34 + -4 + 4 - (-984 - -925).
93
What is 0 - (-14 + (17 - 38 - -41) + -20 + 0)?
14
What is (-19 - -43) + -27 + 9?
6
What is the value of -26 + (129 - -4 - (240 + -208))?
75
-27 - 0 - ((15 - 44) + 23) - 10
-31
What is (14690 - 14690) + (2 - (-1 - -2) - -11)?
12
What is the value of (-164 - -150) + 36 + -2 - 11?
9
Calculate 6 + (5 - (-12 + -7 + 22) - (91 + -1)).
-82
What is the value of 13 - -84 - (10 + (-14 - -2))?
99
-12 + 11 + (18 - (-31 - -59))
-11
What is 6 + -90 + 17 + (10 - 22) + 9?
-70
What is the value of 8 + -1 + 4 + 39 + -2?
48
Evaluate (51 - 93) + 77 + -80.
-45
Calculate -9 + 28 - (-784 - -877).
-74
Calculate -883 + 913 - (-3 + 4).
29
What is the value of 4 + (-2 - (3 + -12)) + 2 + -7 + -3?
3
Evaluate -3 + 42 + (-1286 - -1333).
86
What is -10 + 18 - 1 - (-12 - (6 + (-1 - 6)))?
18
-2 + -1 - (-12501 + 12379)
119
What is the value of 2781 + -2765 - (1 - (0 - 41)) - 3?
-29
Evaluate (-10 - -15) + -9 + (40 - 17 - -22).
41
What is the value of 31 + 16 + 3 + (-38 - 5) + 5?
12
What is 21 + -2 + -38 + -3 - 2?
-24
(0 - -10) + (4 - 2) - (-9276 + 9222)
66
-101 - ((61 - 200) + -76)
114
1 + -2 - 1 - -78 - (299 - (727 - 421))
83
What is the value of -8 - (26 - (-19 - (-3 + -37)))?
-13
Calculate 2 - (-3 - -10) - (333 - 322).
-16
What is 1 + -14 - (-694 - -672) - (-2 + (7 - -1))?
3
What is the value of -1 + 42 + (-968 - -817) - (-4 + 3 - -2)?
-111
Evaluate (2 - 0) + (-218 - -201) + 19.
4
What is the value of -24 + (48 - 46 - (-4 - (-7 - 13)))?
-38
What is (-1 - (30 + -12)) + -4 + 0 + 40?
17
Calculate 5 + (-23 - (-27 - -47)).
-38
What is the value of (66 - (-64 + 59)) + 12?
83
21 - -6 - (23 - 32)
36
What is 56 + 40 + -98 - (1 - 44)?
41
What is the value of 36 + (110 - (-101 + 239))?
8
-11 + 90 - 95 - (0 - (1 - 1))
-16
What is -275 + 293 + 14 + (15 - 45)?
2
Calculate (-28 - (-1 - 6 - 12) - -18) + -3.
6
Calculate 96 - (-5 - (-19 - -6 - 9)) - -8.
87
What is -8 + (-35 + 65 - 1)?
21
Evaluate 12 - ((0 - 22) + (-10 - (27 + -23))).
48
(35 - -8 - -2) + (-14 - (-40 - -12))
59
Calculate (67 - 50 - (14 + -4 + -5)) + 23.
35
What is the value of -40 + 0 + -229 + 481 + -313?
-101
Evaluate -124 + 84 - (-11 + 6 - -6 - 7).
-34
24 + (-598 - -606) + 2 + -6 + 0 + 4
32
Calculate -2 + 43 - ((-10 - -57) + -24).
18
Evaluate -24 + 40 + -16 + -34.
-34
What is the value of -221 - -186 - (-8 + 8 + 2)?
-37
-50 + (-54 - 15) - (-6 + 6 + 6)
-125
What is 5 - (-1 + -17 - -9) - (62 + -70)?
22
Evaluate 27 + (91 - -8) + -17 - 26.
83
What is -58 + (-1 - (-8 - 9)) - -17?
-25
Calculate -50 + -46 + -20 + 58.
-58
What is -2 + (5 - (54 + (-23 - 2 - (14 - 26))))?
-38
What is 37 + -7 + -2 + (17 - 4)?
41
Calculate 4 - (46 + (-11 - 9)).
-22
What is the value of (25 - (-20 + 61)) + (-7 - 55)?
-78
-59 - ((2 - 39) + 33)
-55
Calculate 55 + -6 + (8 - 5) - (-14 + 6 + 16).
44
6 + -31 + 10 + -25 + 0
-40
What is the value of 47 - -32 - 14 - (4 - -2)?
59
What is the value of 9 + -40 + -6 + (-2 - (10 + -29))?
-20
Evaluate -4 - (7 + (-10 - -1)) - -12 - 41.
-31
What is the value of -17 + (-18 - -50) + 6 + -45?
-24
Calculate 59 + (0 - 2) + (-18 - (14 + (5 - 41))).
61
What is 52 + -154 + (-1 + 13 - (22 + -22))?
-90
Evaluate (8 - (-15 - 38) - 14) + (6 - 11) + -2.
40
-8 - -39 - -7 - ((-22 - -14) + 5)
41
What is 98 + (16 + 2 + (-7 - 3) - (9 - 4))?
101
What is the value of 3 - 35 - (-48 + 29)?
-13
Calculate -34 + (-59 + 50 + -33 - -22).
-54
Evaluate 1 + 570 + -555 + -1 + -16.
-1
Calculate 3 + (-15 - 5) + -44 + (0 - -7) + 7.
-47
Calculate 214